{"id":56,"date":"2017-12-12T10:55:12","date_gmt":"2017-12-12T14:55:12","guid":{"rendered":"http:\/\/ayuntamiento.guineo\/transparencia\/?page_id=56"},"modified":"2025-08-19T08:54:39","modified_gmt":"2025-08-19T12:54:39","slug":"derechos-de-los-ciudadanos","status":"publish","type":"page","link":"https:\/\/ayuntamientolosrios.gob.do\/transparencia\/derechos-de-los-ciudadanos\/","title":{"rendered":"Derechos de los Ciudadanos"},"content":{"rendered":"<p><strong>DERECHOS DE LOS CIUDADANOS (AS) <\/strong><\/p>\n<p><strong>\u00a0<\/strong><\/p>\n<p><strong>Todo Ciudadano\/a tiene derecho a:<\/strong><\/p>\n<ul>\n<li><strong>Solicitar y recibir informaci\u00f3n completa , ver\u00e1s, adecuada y oportuna, de la entidad municipal..<\/strong><\/li>\n<li><strong>Acceder a informaci\u00f3n contenida en actas y expedientes de la entidad municipal, as\u00ed como estar informado peri\u00f3dicamente, cuando as\u00ed lo requiera, de las actividades que, que desarrollan entidades y personas, que cumplan funciones en la instituci\u00f3n.<\/strong><\/li>\n<li><strong>Buscar, solicitar, recibir y difundir informaciones pertinentes del ayuntamiento municipal y de formular consultas a las entidades y personas que cumplan funciones en la misma, Y obtener copia de los documentos que recopilen informacione sobre el ejercicio de las actividades de su competencia.<\/strong><\/li>\n<li><strong>Recibir la informaci\u00f3n sencilla y accesible, sobre los tr\u00e1mites y procedimientos necesarios para agotar la solicitud de las informaciones que requieran, solicitar orientaci\u00f3n o formular quejas, consultas o reclamos sobre la prestaci\u00f3n de servicios o sobre el ejercicio de las funciones o competencias a cargo de la entidad o personas de que se trate.<\/strong><\/li>\n<li><strong>Recibir la informaci\u00f3n en el tiempo establecido, en el formato existente y por la v\u00eda acordada en el formulario de solicitud de informaci\u00f3n <\/strong><\/li>\n<li><strong>Acceder a la informaci\u00f3n de manera gratuita, en tanto no requiera la reproducci\u00f3n de la misma.<\/strong><\/li>\n<li><strong>Recurril a las autoridades jer\u00e1rquicas superiores del ente u \u00f3rgano de que se trate, a fin de resolver de forma definitiva la denegaci\u00f3n de la informaci\u00f3n solicitada, cuando esta se debe a razones de reserva o confidencialidad o cuando no est\u00e9 conforme con la decisi\u00f3n adoptada.<\/strong><\/li>\n<\/ul>\n<p><strong>Obtener un recurso de amparo ante el tribunal contencioso administrativo en los casos en que el organismo o la persona a quien se haya solicitado la informaci\u00f3n, no ofrezca esta en el tiempo establecido para ello o cu\u00e1ndo el \u00f3rgano superior jer\u00e1rquico no faltar\u00e9 a recursos impuestos en el tiempo establecido. En cumplimiento a la ley 200-04 y el decreto 130 &#8211; 05, de acceso a la informaci\u00f3n se har\u00e1 efectivo siempre y cuando no afecten la seguridad nacional o el orden p\u00fablico, La Salud moral p\u00fablica o al derecho a la publicidad e intimidad de un tercero o el derecho a la reputaci\u00f3n de los dem\u00e1s.<\/strong><\/p>\n","protected":false},"excerpt":{"rendered":"DERECHOS DE LOS CIUDADANOS (AS) \u00a0 Todo Ciudadano\/a tiene derecho a: Solicitar y recibir informaci\u00f3n completa , ver\u00e1s, adecuada y oportuna, de la entidad municipal.. Acceder a informaci\u00f3n contenida en actas y expedientes de la entidad municipal, as\u00ed como estar informado peri\u00f3dicamente, cuando as\u00ed lo requiera, de las actividades que, que desarrollan entidades y personas,&#8230;","protected":false},"author":4,"featured_media":0,"parent":0,"menu_order":0,"comment_status":"closed","ping_status":"closed","template":"","meta":[],"_links":{"self":[{"href":"https:\/\/ayuntamientolosrios.gob.do\/transparencia\/wp-json\/wp\/v2\/pages\/56"}],"collection":[{"href":"https:\/\/ayuntamientolosrios.gob.do\/transparencia\/wp-json\/wp\/v2\/pages"}],"about":[{"href":"https:\/\/ayuntamientolosrios.gob.do\/transparencia\/wp-json\/wp\/v2\/types\/page"}],"author":[{"embeddable":true,"href":"https:\/\/ayuntamientolosrios.gob.do\/transparencia\/wp-json\/wp\/v2\/users\/4"}],"replies":[{"embeddable":true,"href":"https:\/\/ayuntamientolosrios.gob.do\/transparencia\/wp-json\/wp\/v2\/comments?post=56"}],"version-history":[{"count":5,"href":"https:\/\/ayuntamientolosrios.gob.do\/transparencia\/wp-json\/wp\/v2\/pages\/56\/revisions"}],"predecessor-version":[{"id":609,"href":"https:\/\/ayuntamientolosrios.gob.do\/transparencia\/wp-json\/wp\/v2\/pages\/56\/revisions\/609"}],"wp:attachment":[{"href":"https:\/\/ayuntamientolosrios.gob.do\/transparencia\/wp-json\/wp\/v2\/media?parent=56"}],"curies":[{"name":"wp","href":"https:\/\/api.w.org\/{rel}","templated":true}]}}